{"id":244,"date":"2017-09-09T17:04:12","date_gmt":"2017-09-09T16:04:12","guid":{"rendered":"https:\/\/tennisclublerouret.wordpress.com\/?page_id=244"},"modified":"2023-09-27T17:49:37","modified_gmt":"2023-09-27T15:49:37","slug":"inscription","status":"publish","type":"page","link":"https:\/\/tennisclublerouret.com\/index.php\/inscription\/","title":{"rendered":"Inscription"},"content":{"rendered":"\n<h2 class=\"wp-block-heading has-text-align-center\">TARIFS 2023-2024<\/h2>\n\n\n\n<table id=\"tablepress-3\" class=\"tablepress tablepress-id-3\">\n<thead>\n<tr class=\"row-1 odd\">\n\t<th class=\"column-1\"><\/th><th colspan=\"3\" class=\"column-2\">Ecole De Tennis<\/th><th class=\"column-5\">Jeune Adulte<\/th>\n<\/tr>\n<\/thead>\n<tbody class=\"row-hover\">\n<tr class=\"row-2 even\">\n\t<td class=\"column-1\"><\/td><td class=\"column-2\">Petit < 6 ans <\/td><td class=\"column-3\">1 Enfant > 6 ans<\/td><td class=\"column-4\">2 Enfants > 6 ans<\/td><td class=\"column-5\">Etudiant + 18 ans<\/td>\n<\/tr>\n<tr class=\"row-3 odd\">\n\t<td class=\"column-1\">Adh\u00e9sion Club<\/td><td class=\"column-2\">38 \u20ac<\/td><td class=\"column-3\">38 \u20ac<\/td><td class=\"column-4\">70 \u20ac<\/td><td class=\"column-5\">60 \u20ac<\/td>\n<\/tr>\n<tr class=\"row-4 even\">\n\t<td class=\"column-1\">Licence FTT<\/td><td class=\"column-2\">12 \u20ac<\/td><td class=\"column-3\">22 \u20ac<\/td><td class=\"column-4\">44 \u20ac<\/td><td class=\"column-5\">32 \u20ac<\/td>\n<\/tr>\n<\/tbody>\n<tfoot>\n<tr class=\"row-5 odd\">\n\t<th class=\"column-1\">Total<\/th><th class=\"column-2\">50 \u20ac<\/th><th class=\"column-3\">60 \u20ac<\/th><th class=\"column-4\">114 \u20ac<\/th><th class=\"column-5\">92 \u20ac<\/th>\n<\/tr>\n<\/tfoot>\n<\/table>\n<!-- #tablepress-3 from cache -->\n\n\n\n<table id=\"tablepress-11\" class=\"tablepress tablepress-id-11\">\n<thead>\n<tr class=\"row-1 odd\">\n\t<th class=\"column-1\"><\/th><th class=\"column-2\">1 Adulte<\/th><th colspan=\"3\" class=\"column-3\">1 Adulte +<\/th>\n<\/tr>\n<\/thead>\n<tbody class=\"row-hover\">\n<tr class=\"row-2 even\">\n\t<td class=\"column-1\"><\/td><td class=\"column-2\"><\/td><td class=\"column-3\">1 Enfant<\/td><td class=\"column-4\">2 Enfants<\/td><td class=\"column-5\">3 Enfants<\/td>\n<\/tr>\n<tr class=\"row-3 odd\">\n\t<td class=\"column-1\">Adh\u00e9sion Club<\/td><td class=\"column-2\">88 \u20ac<\/td><td class=\"column-3\">123 \u20ac<\/td><td class=\"column-4\">148 \u20ac<\/td><td class=\"column-5\">178 \u20ac<\/td>\n<\/tr>\n<tr class=\"row-4 even\">\n\t<td class=\"column-1\">Licence FTT<\/td><td class=\"column-2\">32 \u20ac<\/td><td class=\"column-3\">54 \u20ac<\/td><td class=\"column-4\">76 \u20ac<\/td><td class=\"column-5\">96 \u20ac<\/td>\n<\/tr>\n<\/tbody>\n<tfoot>\n<tr class=\"row-5 odd\">\n\t<th class=\"column-1\">Total<\/th><th class=\"column-2\">120 \u20ac<\/th><th class=\"column-3\">177 \u20ac<\/th><th class=\"column-4\">224 \u20ac<\/th><th class=\"column-5\">274 \u20ac<\/th>\n<\/tr>\n<\/tfoot>\n<\/table>\n<!-- #tablepress-11 from cache -->\n\n\n\n<table id=\"tablepress-12\" class=\"tablepress tablepress-id-12\">\n<thead>\n<tr class=\"row-1 odd\">\n\t<th class=\"column-1\"><\/th><th class=\"column-2\">2 ADULTES DE LA MEME FAMILLE<\/th><th colspan=\"2\" class=\"column-3\">REDUCTION DE 50% SUR LES ADHESIONS ENFANTS<\/th>\n<\/tr>\n<\/thead>\n<tbody class=\"row-hover\">\n<tr class=\"row-2 even\">\n\t<td class=\"column-1\"><\/td><td class=\"column-2\"><\/td><td class=\"column-3\">Petit < 6 ans<\/td><td class=\"column-4\">Enfant -18 ans<\/td>\n<\/tr>\n<tr class=\"row-3 odd\">\n\t<td class=\"column-1\">Adh\u00e9sion Club<\/td><td class=\"column-2\">150 \u20ac<\/td><td class=\"column-3\">19 \u20ac<\/td><td class=\"column-4\">19 \u20ac<\/td>\n<\/tr>\n<tr class=\"row-4 even\">\n\t<td class=\"column-1\">Licence FTT<\/td><td class=\"column-2\">64 \u20ac<\/td><td class=\"column-3\">12 \u20ac<\/td><td class=\"column-4\">22 \u20ac<\/td>\n<\/tr>\n<\/tbody>\n<tfoot>\n<tr class=\"row-5 odd\">\n\t<th class=\"column-1\">Total<\/th><th class=\"column-2\">214 \u20ac<\/th><th class=\"column-3\">31 \u20ac<\/th><th class=\"column-4\">41 \u20ac<\/th>\n<\/tr>\n<\/tfoot>\n<\/table>\n<!-- #tablepress-12 from cache -->\n\n\n\n<p><\/p>\n\n\n<h2 style=\"text-align: center;\">COMMENT S\u2019INSCRIRE<\/h2>\n<div>\u00a0<\/div>\n<div class=\"confit-hours\" style=\"text-align: center;\"><span style=\"text-decoration: underline;\">Renseignements par\u00a0 mail<\/span><br \/>Lundi au Samedi : 10h00 \u2013 19h00<\/div>\n<div>\n<p style=\"text-align: center;\">artlerouret@gmail.com\u00a0<\/p>\n<p style=\"text-align: center;\"><a href=\"https:\/\/tennisclublerouret.com\/wp-content\/uploads\/2023\/09\/2023-2024-Fiche-inscription-tennis-Famille.pdf\"><span style=\"text-decoration: underline;\">T\u00e9l\u00e9chargez le formulaire d&rsquo;inscription ici &#8211; Famille<\/span><\/a><\/p>\n<p style=\"text-align: center;\"><a href=\"https:\/\/tennisclublerouret.com\/wp-content\/uploads\/2023\/09\/2023-2024-Fiche-inscription-tennis-Adulte.pdf\"><span style=\"text-decoration: underline;\">T\u00e9l\u00e9chargez le formulaire d&rsquo;inscription ici &#8211; Adulte<\/span><\/a><\/p>\n<p style=\"text-align: center;\"><a href=\"http:\/\/tennisclublerouret.com\/wp-content\/uploads\/2022\/07\/RIB-Club-Tennis-Rouret.jpeg\">T\u00e9l\u00e9chargez le RIB pour tout paiement par virement<\/a><\/p>\n<p style=\"text-align: center;\"><a href=\"https:\/\/tennisclublerouret.com\/wp-content\/uploads\/2023\/09\/QUESTIONNAIRE-DE-SANTE-MINEURS-2023.pdf\">Questionnaire Sant\u00e9 \u00e0 Remplir<\/a><\/p>\n<p style=\"text-align: center;\"><a href=\"https:\/\/tennisclublerouret.com\/wp-content\/uploads\/2022\/08\/Modele_attestation_mineur.pdf.pdf\">Mod\u00e8le Attestation Mineur<\/a><\/p>\n<p style=\"text-align: center;\"><a href=\"https:\/\/www.fft.fr\/jouer\/se-licencier\/certificat-medical\">Plus d&rsquo;informations concernant le certificat m\u00e9dical ici<\/a><\/p>\n<p style=\"text-align: center;\"><span style=\"text-decoration: underline;\">Renseignements via le formulaire de contact <\/span><\/p>\n<\/div>\n<div style=\"text-align: left;\"><div class=\"wpforms-container wpforms-container-full\" id=\"wpforms-405\"><form id=\"wpforms-form-405\" class=\"wpforms-validate wpforms-form\" data-formid=\"405\" method=\"post\" enctype=\"multipart\/form-data\" action=\"\/index.php\/wp-json\/wp\/v2\/pages\/244\" data-token=\"8c3a42fde1314699f1f208230724e07b\"><noscript class=\"wpforms-error-noscript\">Veuillez activer JavaScript dans votre navigateur pour remplir ce formulaire.<\/noscript><div class=\"wpforms-field-container\"><div id=\"wpforms-405-field_5-container\" class=\"wpforms-field wpforms-field-text\" data-field-id=\"5\"><label class=\"wpforms-field-label\" for=\"wpforms-405-field_5\">Nom <span class=\"wpforms-required-label\">*<\/span><\/label><input type=\"text\" id=\"wpforms-405-field_5\" class=\"wpforms-field-medium wpforms-field-required\" name=\"wpforms[fields][5]\" required><\/div><div id=\"wpforms-405-field_3-container\" class=\"wpforms-field wpforms-field-text\" data-field-id=\"3\"><label class=\"wpforms-field-label\" for=\"wpforms-405-field_3\">Pr\u00e9nom <span class=\"wpforms-required-label\">*<\/span><\/label><input type=\"text\" id=\"wpforms-405-field_3\" class=\"wpforms-field-medium wpforms-field-required\" name=\"wpforms[fields][3]\" required><\/div><div id=\"wpforms-405-field_1-container\" class=\"wpforms-field wpforms-field-email\" data-field-id=\"1\"><label class=\"wpforms-field-label\" for=\"wpforms-405-field_1\">Email <span class=\"wpforms-required-label\">*<\/span><\/label><input type=\"email\" id=\"wpforms-405-field_1\" class=\"wpforms-field-large wpforms-field-required\" name=\"wpforms[fields][1]\" spellcheck=\"false\" required><\/div><div id=\"wpforms-405-field_2-container\" class=\"wpforms-field wpforms-field-textarea\" data-field-id=\"2\"><label class=\"wpforms-field-label\" for=\"wpforms-405-field_2\">Votre message <span class=\"wpforms-required-label\">*<\/span><\/label><textarea id=\"wpforms-405-field_2\" class=\"wpforms-field-large wpforms-field-required\" name=\"wpforms[fields][2]\" required><\/textarea><\/div><\/div><!-- .wpforms-field-container --><div class=\"wpforms-field wpforms-field-hp\"><label for=\"wpforms-405-field-hp\" class=\"wpforms-field-label\">Website<\/label><input type=\"text\" name=\"wpforms[hp]\" id=\"wpforms-405-field-hp\" class=\"wpforms-field-medium\"><\/div><div class=\"wpforms-submit-container\" ><input type=\"hidden\" name=\"wpforms[id]\" value=\"405\"><input type=\"hidden\" name=\"wpforms[author]\" value=\"2\"><button type=\"submit\" name=\"wpforms[submit]\" id=\"wpforms-submit-405\" class=\"wpforms-submit button color1\" data-alt-text=\"Sending...\" data-submit-text=\"Envoyer\" aria-live=\"assertive\" value=\"wpforms-submit\">Envoyer<\/button><\/div><\/form><\/div>  <!-- .wpforms-container --><\/div>\n<div>\u00a0<\/div>\n<div>\n<h2>\u00a0<\/h2>\n<\/div>","protected":false},"excerpt":{"rendered":"<p>TARIFS 2023-2024 COMMENT S\u2019INSCRIRE \u00a0 Renseignements par\u00a0 mailLundi au Samedi : 10h00 \u2013 19h00 artlerouret@gmail.com\u00a0 T\u00e9l\u00e9chargez le formulaire d&rsquo;inscription ici &#8211; Famille T\u00e9l\u00e9chargez le formulaire d&rsquo;inscription ici &#8211; Adulte T\u00e9l\u00e9chargez le RIB pour tout paiement par virement Questionnaire Sant\u00e9 \u00e0 Remplir Mod\u00e8le Attestation Mineur Plus d&rsquo;informations concernant le certificat m\u00e9dical ici Renseignements via le formulaire&hellip; <br \/> <a class=\"read-more\" href=\"https:\/\/tennisclublerouret.com\/index.php\/inscription\/\">Lire la suite<\/a><\/p>\n","protected":false},"author":2,"featured_media":0,"parent":0,"menu_order":0,"comment_status":"closed","ping_status":"closed","template":"","meta":{"_mi_skip_tracking":false,"_monsterinsights_sitenote_active":false,"_monsterinsights_sitenote_note":"","_monsterinsights_sitenote_category":0,"footnotes":""},"_links":{"self":[{"href":"https:\/\/tennisclublerouret.com\/index.php\/wp-json\/wp\/v2\/pages\/244"}],"collection":[{"href":"https:\/\/tennisclublerouret.com\/index.php\/wp-json\/wp\/v2\/pages"}],"about":[{"href":"https:\/\/tennisclublerouret.com\/index.php\/wp-json\/wp\/v2\/types\/page"}],"author":[{"embeddable":true,"href":"https:\/\/tennisclublerouret.com\/index.php\/wp-json\/wp\/v2\/users\/2"}],"replies":[{"embeddable":true,"href":"https:\/\/tennisclublerouret.com\/index.php\/wp-json\/wp\/v2\/comments?post=244"}],"version-history":[{"count":42,"href":"https:\/\/tennisclublerouret.com\/index.php\/wp-json\/wp\/v2\/pages\/244\/revisions"}],"predecessor-version":[{"id":760,"href":"https:\/\/tennisclublerouret.com\/index.php\/wp-json\/wp\/v2\/pages\/244\/revisions\/760"}],"wp:attachment":[{"href":"https:\/\/tennisclublerouret.com\/index.php\/wp-json\/wp\/v2\/media?parent=244"}],"curies":[{"name":"wp","href":"https:\/\/api.w.org\/{rel}","templated":true}]}}